sands digit of 3564853024?
3
What is the hundred thousands digit of 100673520?
6
What is the hundred millions digit of 841377638?
8
What is the hundred thousands digit of 64827184?
8
What is the tens digit of 106055380?
8
What is the hundreds digit of 11385565?
5
What is the billions digit of 4234693971?
4
What is the hundred millions digit of 577772693?
5
What is the ten millions digit of 28720771?
2
What is the hundred millions digit of 4190034727?
1
What is the hundred thousands digit of 1838293168?
2
What is the tens digit of 56571051?
5
What is the thousands digit of 254506940?
6
What is the thousands digit of 7327176752?
6
What is the hundreds digit of 120544572?
5
What is the ten millions digit of 22477913?
2
What is the millions digit of 93488161?
3
What is the billions digit of 2515252440?
2
What is the millions digit of 361281700?
1
What is the ten thousands digit of 719845127?
4
What is the hundreds digit of 92910072?
0
What is the tens digit of 5275234866?
6
What is the hundred millions digit of 910111829?
9
What is the units digit of 3019908362?
2
What is the thousands digit of 73126473?
6
What is the hundred thousands digit of 670985623?
9
What is the millions digit of 3448104430?
8
What is the thousands digit of 3798260?
8
What is the hundred millions digit of 1549225273?
5
What is the thousands digit of 3127216707?
6
What is the ten millions digit of 36445719?
3
What is the thousands digit of 980871974?
1
What is the units digit of 6188047971?
1
What is the thousands digit of 119530571?
0
What is the hundred millions digit of 207577025?
2
What is the hundred millions digit of 583712421?
5
What is the thousands digit of 25278006?
8
What is the tens digit of 42048926?
2
What is the tens digit of 54233726?
2
What is the hundred thousands digit of 1929857537?
8
What is the hundred thousands digit of 911441843?
4
What is the thousands digit of 45959078?
9
What is the hundred thousands digit of 3370069434?
0
What is the tens digit of 37793893?
9
What is the millions digit of 72654337?
2
What is the tens digit of 79150590?
9
What is the thousands digit of 102257758?
7
What is the millions digit of 184164296?
4
What is the ten thousands digit of 45441859?
4
What is the units digit of 380036606?
6
What is the ten thousands digit of 67975725?
7
What is the millions digit of 46368600?
6
What is the hundred millions digit of 2139149800?
1
What is the thousands digit of 49565133?
5
What is the hundreds digit of 7031747?
7
What is the millions digit of 192811750?
2
What is the millions digit of 1323449349?
3
What is the thousands digit of 149510089?
0
What is the thousands digit of 1874857808?
7
What is the ten thousands digit of 20927832?
2
What is the hundred thousands digit of 227320051?
3
What is the tens digit of 66508306?
0
What is the units digit of 215358310?
0
What is the hundreds digit of 4137748443?
4
What is the ten millions digit of 21824614?
2
What is the ten millions digit of 151444692?
5
What is the hundred millions digit of 1978344682?
9
What is the millions digit of 501216272?
1
What is the hundred thousands digit of 238419061?
4
What is the tens digit of 899873637?
3
What is the hundred millions digit of 291463260?
2
What is the hundred millions digit of 470880356?
4
What is the hundred millions digit of 1051860503?
0
What is the hundred millions digit of 8086111232?
0
What is the units digit of 65103470?
0
What is the billions digit of 1819263771?
1
What is the ten thousands digit of 393792641?
9
What is the millions digit of 22418672?
2
What is the hundred millions digit of 2307479124?
3
What is the hundred millions digit of 156115962?
1
What is the thousands digit of 173308113?
8
What is the ten millions digit of 476848634?
7
What is the hundred thousands digit of 56404535?
4
What is the thousands digit of 247737119?
7
What is the thousands digit of 282180550?
0
What is the hundred thousands digit of 14536419?
5
What is the thousands digit of 257583265?
3
What is the ten thousands digit of 809783019?
8
What is the hundred thousands digit of 207606818?
6
What is the hundred thousands digit of 958496140?
4
What is the hundred millions digit of 569462807?
5
What is the hundred thousands digit of 3464040638?
0
What is the tens digit of 164180107?
0
What is the ten millions digit of 1309095897?
0
What is the ten millions digit of 110082618?
1
What is the thousands digit of 140278206?
8
What is the ten thousands digit of 5114337649?
3
What is the hundreds digit of 105132776?
7
What is the hundreds digit of 233013423?
4
What is the hundred millions digit of 7287130377?
2
What is the hundred millions digit of 4293115231?
2
What is the ten millions digit of 1210529583?
1
What is the ten thousands digit of 185488336?
8
What is the hundreds digit of 113456130?
1
What is the ten thousands digit of 282271540?
7
What is the hundreds digit of 132387598?
5
What is the tens digit of 8123562971?
7
What is the ten millions digit of 352516211?
5
What is the units digit of 4743685?
5
What is the hundreds digit of 478236129?
1
What is the ten millions digit of 645472524?
4
What is the units digit of 34762076?
6
What is the units digit of 59507707?
7
What is the units digit of 503622295?
5
What is the ten thousands digit of 594328548?
2
What is the hundred thousands digit of 174673753?
6
What is the ten millions digit of 60983062?
6
What is the thousands digit of 21259668?
9
What is the hundred thousands digit of 236454958?
4
What is the units digit of 24242970?
0
What is the tens digit of 1957194405?
0
What is the hundred thousands digit of 338238817?
2
What is the hundreds digit of 5453254?
2
What is the thousands digit of 722634458?
4
What is the units digit of 117397200?
0
What is the ten thousands digit of 47723369?
2
What is the hundred thousands digit of 11778991?
7
What is the hundred thousands digit of 82171311?
1
What is the hundred thousands digit of 92416988?
4
What is the hundred thousands digit of 660101877?
1
What is the tens digit of 3048052227?
2
What is the millions digit of 691511304?
1
What is the units digit of 915568316?
6
What is the ten thousands digit of 436996764?
9
What is the hundreds digit of 22831110?
1
What is the thousands digit of 636496167?
6
What is the hundred millions digit of 2722147092?
7
What is the ten thousands digit of 282588448?
8
What is the ten millions digit of 383278602?
8
What is the hundreds digit of 45185690?
6
What is the thousands digit of 12334861?
4
What is the hundred millions digit of 1358683097?
3
What is the hundred thousands digit of 1146455309?
4
What is the millions digit of 54963736?
4
What is the tens digit of 46103474?
7
What is the hundred millions digit of 303100425?
3
What is the millions digit of 3769364540?
9
What is the ten thousands digit of 658337781?
3
What is the thousands digit of 23914336?
4
What is the units digit of 96420342?
2
What is the hundreds digit of 137039808?
8
What is the hundreds digit of 6028875530?
5
What is the hundreds digit of 35969938?
9
What is the units digit of 14966681?
1
What is the hundreds digit of 758959945?
9
What is the millions digit of 6811151?
6
What is the hundred thousands digit of 86694715?
6
What is the ten millions digit of 71710203?
7
What is the millions digit of 363378554?
3
What is the thousands digit of 68513687?
3
What is the ten millions digit of 30916863?
3
What is the hundred thousands digit of 59725081?
7
What is the hundreds digit of 121308663?
6
What is the millions digit of 848823402?
8
What is the hundred thousands digit of 452279621?
2
What is the thousands digit of 170330863?
0
What is the hundred millions digit of 1091608317?
0
What is the hundreds digit of 55039308?
3
What is the ten thousands digit of 1046485169?
8
What is the millions digit of 194165178?
4
What is the tens digit of 67263718?
1
What is the ten thousands digit of 39576114?
7
What is the hundred thousands digit of 47674344?
6
What is the units digit of 1239554560?
0
What is the hundred millions digit of 1314152627?
3
What is the thousands digit of 300256476?
6
What is the units digit of 56847032?
2
What is the hundred millions digit of 3489430002?
4
What is the units digit of 762172620?
0
What is the ten millions digit of 369280569?
6
What is